{"id":47772,"date":"2021-10-27T08:15:51","date_gmt":"2021-10-27T12:15:51","guid":{"rendered":"https:\/\/ciccarellilawoffices.kinsta.cloud\/arizona\/?page_id=47772"},"modified":"2022-01-13T13:28:57","modified_gmt":"2022-01-13T17:28:57","slug":"abogado-defensor-de-delitos-juveniles-de-phoenix","status":"publish","type":"page","link":"https:\/\/ciccarelli.com\/arizona\/abogado-defensor-de-delitos-juveniles-de-phoenix\/","title":{"rendered":"Abogado Defensor de Delitos Juveniles de Phoenix"},"content":{"rendered":"<p><img decoding=\"async\" class=\"alignright size-medium wp-image-48252\" src=\"https:\/\/ciccarellilawoffices.kinsta.cloud\/arizona\/wp-content\/uploads\/2022\/01\/Ciccarelli-Flag-300x300.jpg\" alt=\"\" width=\"300\" height=\"300\" srcset=\"https:\/\/ciccarelli.com\/arizona\/wp-content\/uploads\/2022\/01\/Ciccarelli-Flag-300x300.jpg 300w, https:\/\/ciccarelli.com\/arizona\/wp-content\/uploads\/2022\/01\/Ciccarelli-Flag-150x150.jpg 150w, https:\/\/ciccarelli.com\/arizona\/wp-content\/uploads\/2022\/01\/Ciccarelli-Flag.jpg 640w\" sizes=\"(max-width: 300px) 100vw, 300px\" \/>Usted es el padre o tutor de un ni\u00f1o o ni\u00f1a menor de 18 a\u00f1os en Phoenix Arizona y se est\u00e1 enfrentando cara a cara con el gran mith:. &#8220;No es mi hijo&#8221;. Por dif\u00edcil que parezca, nuestros hijos pueden ser acusados y procesados por los mismos delitos juveniles graves que esos otros ni\u00f1os en el \u00e1rea metropolitana de Phoenix. \u00bfRealmente podemos confiar en que la Polic\u00eda de Phoenix solo investigue y procese a esos otros ni\u00f1os? Cont\u00e1ctenos si necesita un abogado juvenil en Phoenix, Chandler, Gilbert, Scottsdale o Tempe Arizona. Convierta sus preocupaciones en acci\u00f3n y comun\u00edquese con un equipo de abogados juveniles experimentados y compasivos en Ciccarelli Law Offices. Est\u00e1 en nuestro ADN tener la espalda de su hijo y luchar como si estuviera en familia. El \u00e9xito de su hijo es nuestra <strong>misi\u00f3n<\/strong>.<\/p>\n<h2>Luchando por el futuro de su hijo en Phoenix, Arizona<\/h2>\n<p>Cuando usted o su familia est\u00e1n en una crisis que involucra a su hijo menor de edad en Phoenix, Arizona, mire a Lee Ciccarelli y y su equipo juvenil con m\u00e1s de cien a\u00f1os de experiencia combinada en defensa criminal nacional en tribunales estatales y federales. Ciccarelli tiene experiencia en la impugnaci\u00f3n de delitos graves y delitos menores juveniles y han sido catalogados como Super <strong>Abogados y<\/strong> han recibido cientos de <strong>rese\u00f1as de clientes de cinco estrellas<\/strong>.<\/p>\n<p>Entendemos la implicaci\u00f3n y las consecuencias de la investigaci\u00f3n criminal juvenil de Phoenix, el enjuiciamiento y \/ o la adjudicaci\u00f3n en el Tribunal de Menores: el impacto que tendr\u00e1 en la libertad de su hijo, su escolarizaci\u00f3n,su camino universitario y laeducaci\u00f3n. Entendemos que est\u00e1 buscando los mejores abogados juveniles de Phoenix que pueda pagar y un equipo que est\u00e9 disponible para usted y su familia cuando m\u00e1s los necesite. En Ciccarelli Law Offices, su \u00e9xito es nuestra misi\u00f3n.<\/p>\n<p>A pesar de lo que muchas personas pueden decirle, una persona menor de 18 a\u00f1os que enfrenta cargos penales podr\u00eda terminar enfrentando graves consecuencias si es condenada. En las Oficinas Legales de Ciccarelli, nuestro equipo est\u00e1 aqu\u00ed para ayudarlo si necesita un abogado defensor de delitos juveniles en Phoenix. Tenemos una amplia experiencia en el manejo de casos juveniles complejos, y estamos listos para ponernos a trabajar ayudando a su hijo a reducir o desestimar los cargos en su contra.<\/p>\n<h2>Elija las Oficinas Legales de Ciccarelli para Obtener Ayuda Con Su Caso<\/h2>\n<ul>\n<li>En las Oficinas Legales de Ciccarelli, entendemos c\u00f3mo estos delitos pueden afectar el futuro de un ni\u00f1o, y nos comprometemos a explicar a fondo las leyes y los derechos legales a los padres y tutores, para que tengan la mejor informaci\u00f3n en el futuro.<\/li>\n<li>Nuestro equipo tiene un historial de \u00e9xito en el manejo de casos complejos de defensa criminal en Arizona y en todo Estados Unidos, y tenemos un conocimiento profundo de las t\u00e1cticas que se pueden implementar para ayudar a los menores en estas situaciones.<\/li>\n<li>Tratamos a cada cliente y a los miembros de su familia con el respeto y la dignidad que merecen, y mantendremos a cada familia actualizada regularmente para que sepan lo que est\u00e1 sucediendo a lo largo de todo el caso.<\/li>\n<\/ul>\n<h2>\u00bfQu\u00e9 har\u00e1 un abogado para ayudar a su caso?<\/h2>\n<p>Un abogado experto en defensa de delitos juveniles en Phoenix ser\u00e1 responsable de manejar todos los aspectos de estas situaciones. Los padres y tutores no deben tratar de manejar estos casos por su cuenta. Simplemente hay demasiado en juego. Si un menor es condenado por un delito penal, la condena podr\u00eda afectar su capacidad en el futuro para conseguir un trabajo, ir a la escuela, encontrar vivienda, etc.<\/p>\n<p>Un abogado examinar\u00e1 primero todas las pruebas utilizadas por la fiscal\u00eda contra el menor. Sin embargo, en lugar de confiar en esta evidencia, un abogado defensor de delitos juveniles llevar\u00e1 a cabo una investigaci\u00f3n independiente para descubrir cualquier evidencia adicional que pueda usarse para ayudar a exonerar a su cliente. Adem\u00e1s, un abogado:<\/p>\n<ul>\n<li>Proporcionar testigos de car\u00e1cter en nombre del ni\u00f1o<\/li>\n<li>Manejar todas las negociaciones del acuerdo de culpabilidad si est\u00e1n justificadas<\/li>\n<li>Prep\u00e1rese completamente para llevar el caso a juicio en el sistema judicial de menores o en el tribunal de adultos si el ni\u00f1o ha sido acusado como adulto<\/li>\n<\/ul>\n<h2>Los cargos penales juveniles en Phoenix deben tomarse en serio<\/h2>\n<p>Lo primero que hay que determinar en estas situaciones es si el menor ser\u00e1 juzgado o no como menor de edad o adulto. A menudo, los fiscales generalmente optan por acusar a una persona menor de 18 a\u00f1os como menor de edad por delitos menos graves. En estas situaciones, los casos generalmente se sellan del p\u00fablico y se juzgan frente a un juez, no a un jurado. En Phoenix, hay un sistema especial de tribunales juveniles dise\u00f1ado espec\u00edficamente para manejar estos casos.<\/p>\n<p>Sin embargo, si un menor es juzgado como adulto porque los fiscales determinaron que los delitos son graves, entonces el menor enfrentar\u00e1 un juicio por jurado y podr\u00eda recibir los mismos castigos que normalmente se dan a los adultos. En Arizona, esto significa que el menor podr\u00eda enfrentar un delito menor o un delito grave.<\/p>\n<p>Cuando los fiscales est\u00e1n trabajando para determinar si un ni\u00f1o debe ser juzgado como adulto o como menor, hay varios factores que considerar\u00e1n antes de tomar esa decisi\u00f3n. Estos factores incluyen:<\/p>\n<ul>\n<li>La gravedad del presunto delito, incluyendo si hubo o no violencia<\/li>\n<li>Si el menor ya tiene o no antecedentes penales<\/li>\n<li>Qu\u00e9 tan cerca est\u00e1 el menor de la edad de 18 a\u00f1os<\/li>\n<li>Si las intervenciones anteriores han tenido \u00e9xito o no con el menor en cuesti\u00f3n<\/li>\n<\/ul>\n<h2>Llame a un abogado defensor de delitos juveniles de Phoenix hoy mismo<\/h2>\n<p>Nuestro equipo representa asuntos juveniles en toda el \u00e1rea metropolitana de Phoenix, incluidos, entre otros, estudiantes de secundaria locales en escuelas comoArizona Lutheran Academy, Valley Lutheran HighSchool, Bourgade High School, Paradise Valley Christian Preparatory, Xavier College Preparatory, Phoenix Christian High School, Arizona Collegiate High School, Washington HighSchool, Bioscience High School, Sonoran Science Academy o Career Success Schools.<\/p>\n<p>Si usted o alguien que le importa se enfrenta a cualquier tipo de cargo criminal juvenil, arresto o investigaci\u00f3n en el \u00e1rea metropolitana de Phoenix, incluidos Tempe, Scottsdale, Chandler o Gilbert, necesita abogados en los que pueda confiar y listos para luchar por usted y su familia. Cont\u00e1ctenos ahora en Ciccarelli Law Offices. Nuestro equipo tiene el historial de \u00e9xito en la toma de casos de delitos juveniles y estudiantiles. Cobramos tarifas razonables y trabajamos con usted cuando necesita nuestra ayuda. Tenemos los recursos necesarios para investigar estos casos y asegurarnosde que suhijo menor de edad sea tratado de manera justa durante todo el proceso. Su \u00e9xito es nuestra misi\u00f3n.<\/p>\n","protected":false},"excerpt":{"rendered":"<p>Usted es el padre o tutor de un ni\u00f1o o ni\u00f1a menor de 18 a\u00f1os en Phoenix Arizona y se est\u00e1 enfrentando cara a cara con el gran mith:. &#8220;No es mi hijo&#8221;. Por dif\u00edcil que parezca, nuestros hijos pueden ser acusados y procesados por los mismos delitos juveniles graves que esos otros ni\u00f1os en el \u00e1rea metropolitana de Phoenix.\u2026 <a href=\"https:\/\/ciccarelli.com\/arizona\/abogado-defensor-de-delitos-juveniles-de-phoenix\/\">READ MORE<\/a><\/p>\n","protected":false},"author":7,"featured_media":0,"parent":0,"menu_order":0,"comment_status":"closed","ping_status":"closed","template":"","meta":{"_acf_changed":false,"footnotes":"","_content_optimizer_report_url":"","_content_optimizer_report_added":"","_content_optimizer_keyword_hide_used":false,"_content_optimizer_keyword_hide_above_average":false,"_content_optimizer_entities_hide_used":false,"_content_optimizer_entities_hide_above_average":false,"_content_optimizer_headings_hide_used":false,"_content_optimizer_questions_hide_used":false,"_content_optimizer_tab_active":"","_content_optimizer_report_url_ce":"","_content_optimizer_report_added_ce":"","_content_optimizer_keyword_hide_used_ce":false,"_content_optimizer_keyword_hide_above_average_ce":false,"_content_optimizer_entities_hide_used_ce":false,"_content_optimizer_entities_hide_above_average_ce":false,"_content_optimizer_headings_hide_used_ce":false,"_content_optimizer_questions_hide_used_ce":false,"_content_optimizer_tab_active_ce":""},"class_list":["post-47772","page","type-page","status-publish","hentry"],"acf":[],"yoast_head":"<!-- This site is optimized with the Yoast SEO plugin v27.1.1 - https:\/\/yoast.com\/product\/yoast-seo-wordpress\/ -->\n<title>Abogado Defensor de Delitos Juveniles de Phoenix<\/title>\n<meta name=\"robots\" content=\"index, follow, max-snippet:-1, max-image-preview:large, max-video-preview:-1\" \/>\n<link rel=\"canonical\" href=\"https:\/\/ciccarelli.com\/arizona\/abogado-defensor-de-delitos-juveniles-de-phoenix\/\" \/>\n<meta property=\"og:locale\" content=\"en_US\" \/>\n<meta property=\"og:type\" content=\"article\" \/>\n<meta property=\"og:title\" content=\"Abogado Defensor de Delitos Juveniles de Phoenix\" \/>\n<meta property=\"og:description\" content=\"Usted es el padre o tutor de un ni\u00f1o o ni\u00f1a menor de 18 a\u00f1os en Phoenix Arizona y se est\u00e1 enfrentando cara a cara con el gran mith:. &#8220;No es mi hijo&#8221;. Por dif\u00edcil que parezca, nuestros hijos pueden ser acusados y procesados por los mismos delitos juveniles graves que esos otros ni\u00f1os en el \u00e1rea metropolitana de Phoenix.\u2026 READ MORE\" \/>\n<meta property=\"og:url\" content=\"https:\/\/ciccarelli.com\/arizona\/abogado-defensor-de-delitos-juveniles-de-phoenix\/\" \/>\n<meta property=\"og:site_name\" content=\"Ciccarelli Law Offices - AZ\" \/>\n<meta property=\"article:modified_time\" content=\"2022-01-13T17:28:57+00:00\" \/>\n<meta property=\"og:image\" content=\"https:\/\/ciccarellilawoffices.kinsta.cloud\/arizona\/wp-content\/uploads\/2022\/01\/Ciccarelli-Flag-300x300.jpg\" \/>\n<meta name=\"twitter:card\" content=\"summary_large_image\" \/>\n<meta name=\"twitter:label1\" content=\"Est. reading time\" \/>\n\t<meta name=\"twitter:data1\" content=\"5 minutes\" \/>\n<script type=\"application\/ld+json\" class=\"yoast-schema-graph\">{\"@context\":\"https:\/\/schema.org\",\"@graph\":[{\"@type\":\"WebPage\",\"@id\":\"https:\/\/ciccarelli.com\/arizona\/abogado-defensor-de-delitos-juveniles-de-phoenix\/\",\"url\":\"https:\/\/ciccarelli.com\/arizona\/abogado-defensor-de-delitos-juveniles-de-phoenix\/\",\"name\":\"Abogado Defensor de Delitos Juveniles de Phoenix\",\"isPartOf\":{\"@id\":\"https:\/\/ciccarelli.com\/arizona\/#website\"},\"primaryImageOfPage\":{\"@id\":\"https:\/\/ciccarelli.com\/arizona\/abogado-defensor-de-delitos-juveniles-de-phoenix\/#primaryimage\"},\"image\":{\"@id\":\"https:\/\/ciccarelli.com\/arizona\/abogado-defensor-de-delitos-juveniles-de-phoenix\/#primaryimage\"},\"thumbnailUrl\":\"https:\/\/ciccarellilawoffices.kinsta.cloud\/arizona\/wp-content\/uploads\/2022\/01\/Ciccarelli-Flag-300x300.jpg\",\"datePublished\":\"2021-10-27T12:15:51+00:00\",\"dateModified\":\"2022-01-13T17:28:57+00:00\",\"breadcrumb\":{\"@id\":\"https:\/\/ciccarelli.com\/arizona\/abogado-defensor-de-delitos-juveniles-de-phoenix\/#breadcrumb\"},\"inLanguage\":\"en-US\",\"potentialAction\":[{\"@type\":\"ReadAction\",\"target\":[\"https:\/\/ciccarelli.com\/arizona\/abogado-defensor-de-delitos-juveniles-de-phoenix\/\"]}]},{\"@type\":\"ImageObject\",\"inLanguage\":\"en-US\",\"@id\":\"https:\/\/ciccarelli.com\/arizona\/abogado-defensor-de-delitos-juveniles-de-phoenix\/#primaryimage\",\"url\":\"https:\/\/ciccarellilawoffices.kinsta.cloud\/arizona\/wp-content\/uploads\/2022\/01\/Ciccarelli-Flag-300x300.jpg\",\"contentUrl\":\"https:\/\/ciccarellilawoffices.kinsta.cloud\/arizona\/wp-content\/uploads\/2022\/01\/Ciccarelli-Flag-300x300.jpg\"},{\"@type\":\"BreadcrumbList\",\"@id\":\"https:\/\/ciccarelli.com\/arizona\/abogado-defensor-de-delitos-juveniles-de-phoenix\/#breadcrumb\",\"itemListElement\":[{\"@type\":\"ListItem\",\"position\":1,\"name\":\"Home\",\"item\":\"https:\/\/ciccarelli.com\/arizona\/\"},{\"@type\":\"ListItem\",\"position\":2,\"name\":\"Abogado Defensor de Delitos Juveniles de Phoenix\"}]},{\"@type\":\"WebSite\",\"@id\":\"https:\/\/ciccarelli.com\/arizona\/#website\",\"url\":\"https:\/\/ciccarelli.com\/arizona\/\",\"name\":\"Ciccarelli Law Offices - AZ\",\"description\":\"Ciccarelli Law Offices - AZ\",\"potentialAction\":[{\"@type\":\"SearchAction\",\"target\":{\"@type\":\"EntryPoint\",\"urlTemplate\":\"https:\/\/ciccarelli.com\/arizona\/?s={search_term_string}\"},\"query-input\":{\"@type\":\"PropertyValueSpecification\",\"valueRequired\":true,\"valueName\":\"search_term_string\"}}],\"inLanguage\":\"en-US\"}]}<\/script>\n<!-- \/ Yoast SEO plugin. -->","yoast_head_json":{"title":"Abogado Defensor de Delitos Juveniles de Phoenix","robots":{"index":"index","follow":"follow","max-snippet":"max-snippet:-1","max-image-preview":"max-image-preview:large","max-video-preview":"max-video-preview:-1"},"canonical":"https:\/\/ciccarelli.com\/arizona\/abogado-defensor-de-delitos-juveniles-de-phoenix\/","og_locale":"en_US","og_type":"article","og_title":"Abogado Defensor de Delitos Juveniles de Phoenix","og_description":"Usted es el padre o tutor de un ni\u00f1o o ni\u00f1a menor de 18 a\u00f1os en Phoenix Arizona y se est\u00e1 enfrentando cara a cara con el gran mith:. &#8220;No es mi hijo&#8221;. Por dif\u00edcil que parezca, nuestros hijos pueden ser acusados y procesados por los mismos delitos juveniles graves que esos otros ni\u00f1os en el \u00e1rea metropolitana de Phoenix.\u2026 READ MORE","og_url":"https:\/\/ciccarelli.com\/arizona\/abogado-defensor-de-delitos-juveniles-de-phoenix\/","og_site_name":"Ciccarelli Law Offices - AZ","article_modified_time":"2022-01-13T17:28:57+00:00","og_image":[{"url":"https:\/\/ciccarellilawoffices.kinsta.cloud\/arizona\/wp-content\/uploads\/2022\/01\/Ciccarelli-Flag-300x300.jpg","type":"","width":"","height":""}],"twitter_card":"summary_large_image","twitter_misc":{"Est. reading time":"5 minutes"},"schema":{"@context":"https:\/\/schema.org","@graph":[{"@type":"WebPage","@id":"https:\/\/ciccarelli.com\/arizona\/abogado-defensor-de-delitos-juveniles-de-phoenix\/","url":"https:\/\/ciccarelli.com\/arizona\/abogado-defensor-de-delitos-juveniles-de-phoenix\/","name":"Abogado Defensor de Delitos Juveniles de Phoenix","isPartOf":{"@id":"https:\/\/ciccarelli.com\/arizona\/#website"},"primaryImageOfPage":{"@id":"https:\/\/ciccarelli.com\/arizona\/abogado-defensor-de-delitos-juveniles-de-phoenix\/#primaryimage"},"image":{"@id":"https:\/\/ciccarelli.com\/arizona\/abogado-defensor-de-delitos-juveniles-de-phoenix\/#primaryimage"},"thumbnailUrl":"https:\/\/ciccarellilawoffices.kinsta.cloud\/arizona\/wp-content\/uploads\/2022\/01\/Ciccarelli-Flag-300x300.jpg","datePublished":"2021-10-27T12:15:51+00:00","dateModified":"2022-01-13T17:28:57+00:00","breadcrumb":{"@id":"https:\/\/ciccarelli.com\/arizona\/abogado-defensor-de-delitos-juveniles-de-phoenix\/#breadcrumb"},"inLanguage":"en-US","potentialAction":[{"@type":"ReadAction","target":["https:\/\/ciccarelli.com\/arizona\/abogado-defensor-de-delitos-juveniles-de-phoenix\/"]}]},{"@type":"ImageObject","inLanguage":"en-US","@id":"https:\/\/ciccarelli.com\/arizona\/abogado-defensor-de-delitos-juveniles-de-phoenix\/#primaryimage","url":"https:\/\/ciccarellilawoffices.kinsta.cloud\/arizona\/wp-content\/uploads\/2022\/01\/Ciccarelli-Flag-300x300.jpg","contentUrl":"https:\/\/ciccarellilawoffices.kinsta.cloud\/arizona\/wp-content\/uploads\/2022\/01\/Ciccarelli-Flag-300x300.jpg"},{"@type":"BreadcrumbList","@id":"https:\/\/ciccarelli.com\/arizona\/abogado-defensor-de-delitos-juveniles-de-phoenix\/#breadcrumb","itemListElement":[{"@type":"ListItem","position":1,"name":"Home","item":"https:\/\/ciccarelli.com\/arizona\/"},{"@type":"ListItem","position":2,"name":"Abogado Defensor de Delitos Juveniles de Phoenix"}]},{"@type":"WebSite","@id":"https:\/\/ciccarelli.com\/arizona\/#website","url":"https:\/\/ciccarelli.com\/arizona\/","name":"Ciccarelli Law Offices - AZ","description":"Ciccarelli Law Offices - AZ","potentialAction":[{"@type":"SearchAction","target":{"@type":"EntryPoint","urlTemplate":"https:\/\/ciccarelli.com\/arizona\/?s={search_term_string}"},"query-input":{"@type":"PropertyValueSpecification","valueRequired":true,"valueName":"search_term_string"}}],"inLanguage":"en-US"}]}},"_links":{"self":[{"href":"https:\/\/ciccarelli.com\/arizona\/wp-json\/wp\/v2\/pages\/47772","targetHints":{"allow":["GET"]}}],"collection":[{"href":"https:\/\/ciccarelli.com\/arizona\/wp-json\/wp\/v2\/pages"}],"about":[{"href":"https:\/\/ciccarelli.com\/arizona\/wp-json\/wp\/v2\/types\/page"}],"author":[{"embeddable":true,"href":"https:\/\/ciccarelli.com\/arizona\/wp-json\/wp\/v2\/users\/7"}],"replies":[{"embeddable":true,"href":"https:\/\/ciccarelli.com\/arizona\/wp-json\/wp\/v2\/comments?post=47772"}],"version-history":[{"count":5,"href":"https:\/\/ciccarelli.com\/arizona\/wp-json\/wp\/v2\/pages\/47772\/revisions"}],"predecessor-version":[{"id":48356,"href":"https:\/\/ciccarelli.com\/arizona\/wp-json\/wp\/v2\/pages\/47772\/revisions\/48356"}],"wp:attachment":[{"href":"https:\/\/ciccarelli.com\/arizona\/wp-json\/wp\/v2\/media?parent=47772"}],"curies":[{"name":"wp","href":"https:\/\/api.w.org\/{rel}","templated":true}]}}