{"id":47768,"date":"2021-10-27T08:01:22","date_gmt":"2021-10-27T12:01:22","guid":{"rendered":"https:\/\/ciccarellilawoffices.kinsta.cloud\/arizona\/?page_id=47768"},"modified":"2022-01-13T13:25:09","modified_gmt":"2022-01-13T17:25:09","slug":"abogado-de-asalto-y-agresion-en-phoenix","status":"publish","type":"page","link":"https:\/\/ciccarelli.com\/arizona\/abogado-de-asalto-y-agresion-en-phoenix\/","title":{"rendered":"Abogado de Asalto y Agresi\u00f3n en Phoenix"},"content":{"rendered":"<p><img decoding=\"async\" class=\"alignright size-medium wp-image-48252\" src=\"https:\/\/ciccarellilawoffices.kinsta.cloud\/arizona\/wp-content\/uploads\/2022\/01\/Ciccarelli-Flag-300x300.jpg\" alt=\"\" width=\"300\" height=\"300\" srcset=\"https:\/\/ciccarelli.com\/arizona\/wp-content\/uploads\/2022\/01\/Ciccarelli-Flag-300x300.jpg 300w, https:\/\/ciccarelli.com\/arizona\/wp-content\/uploads\/2022\/01\/Ciccarelli-Flag-150x150.jpg 150w, https:\/\/ciccarelli.com\/arizona\/wp-content\/uploads\/2022\/01\/Ciccarelli-Flag.jpg 640w\" sizes=\"(max-width: 300px) 100vw, 300px\" \/>En Arizona, hay varias maneras en que una persona podr\u00eda enfrentar cargos de asalto. Muchas personas han o\u00eddo hablar de &#8220;asalto y agresi\u00f3n&#8221;, pero la realidad es que estos son dos tipos separados de cargos. En las Oficinas Legales de Ciccarelli, nuestro equipo est\u00e1 aqu\u00ed para ayudarlo si necesita un abogado de asalto y agresi\u00f3n en Phoenix a su lado. Tenemos los recursos necesarios para investigar el reclamo en su contra y trabajar para determinar el mejor camino para avanzar en su situaci\u00f3n. Nuestro objetivo es ayudar a que los cargos en su contra se reduzcan o incluso se desestimen por completo para que pueda volver a centrarse en su familia y su trabajo. Nuestro equipo defiende a clientes que enfrentan cargos de asalto y golpes en Phoenix, Chandler, Gilbert, Tempe y Scottsdale, Arizona.<\/p>\n<h2>\u00bfPor qu\u00e9 recurrir a las Oficinas Legales de Ciccarelli?<\/h2>\n<ul>\n<li>En las Oficinas Legales de Ciccarelli, cada abogado de nuestra firma se dedica a cuidar los mejores intereses del cliente. Somos defensores tenaces y celosos tanto dentro como fuera de la sala del tribunal.<\/li>\n<li>Nuestros abogados se dedican a luchar por los derechos de aquellos cuya libertad est\u00e1 en juego cuando enfrentan acusaciones penales.<\/li>\n<li>Nos esforzamos por proporcionar nuestros servicios a tarifas razonables para que aquellos que enfrentan cargos penales graves tengan las mejores posibilidades de \u00e9xito.<\/li>\n<\/ul>\n<h2>Sanciones por asalto y agresi\u00f3n en Phoenix<\/h2>\n<p>En el estado de Arizona, hay dos tipos de asalto que queremos discutir. El primero se conoce t\u00edpicamente como asalto simple (<a href=\"https:\/\/www.azleg.gov\/ars\/13\/01203.htm\" target=\"_blank\" rel=\"noopener\">A.R.S. 13-1203<\/a>) y es un delito menor. Una persona acusada con lo siguiente enfrentar\u00e1 estos cargos:<\/p>\n<ul>\n<li>Poner a otra persona en temor de da\u00f1o corporal<\/li>\n<li>Tocar a otra persona de una manera destinada a causar lesiones<\/li>\n<li>Causar da\u00f1o f\u00edsico real a otra persona<\/li>\n<\/ul>\n<p>Si una persona es condenada por asalto simple, podr\u00eda enfrentar hasta seis meses de c\u00e1rcel.<\/p>\n<p>El segundo tipo de asalto que queremos discutir se llama asalto agravado (<a href=\"https:\/\/www.azleg.gov\/ars\/13\/01204.htm\" target=\"_blank\" rel=\"noopener\">A.R.S. 13-1204<\/a>). Esto es lo que muchas personas consideran bater\u00eda. Este es un cargo de delito grave que se aplicar\u00e1 cuando haya varios factores agravantes para elevar el delito de asalto. En Phoenix, una persona enfrentar\u00e1 cargos de asalto agravado si:<\/p>\n<ul>\n<li>Causar lesiones f\u00edsicas graves a otra persona<\/li>\n<li>Usar un arma mortal u objeto peligroso para cometer el asalto<\/li>\n<li>Causar desfiguraci\u00f3n temporal a otra persona<\/li>\n<li>Causar deterioro a la parte del cuerpo u \u00f3rgano corporal de otra persona<\/li>\n<li>Fractura del hueso de una persona<\/li>\n<li>Agredir a otra persona en la residencia privada de esa persona<\/li>\n<li>Agredir a una persona menor de 15 a\u00f1os<\/li>\n<li>Agredir a una persona protegida por la ley (bombero, oficial de polic\u00eda, profesional m\u00e9dico, defensor p\u00fablico, maestro, fiscal, etc.)<\/li>\n<\/ul>\n<p>Si una persona es condenada por asalto agravado, podr\u00eda enfrentar una serie de sanciones dependiendo del nivel de delito grave que enfrenta.<\/p>\n<h2>\u00bfQu\u00e9 har\u00e1 un abogado para ayudar?<\/h2>\n<p>Los cargos de asalto deben tomarse en serio en Phoenix. Los fiscales agresivos y los funcionarios encargados de hacer cumplir la ley usar\u00e1n sus recursos contra la persona que enfrenta cargos, y esto debe cumplirse con los recursos y la experiencia de un abogado experto en asalto y agresi\u00f3n de Phoenix. Un abogado ser\u00e1 responsable de elaborar la mejor estrategia de defensa posible basada en los hechos del caso. Algunas de las defensas m\u00e1s comunes utilizadas en un caso de asalto en Phoenix incluyen las siguientes:<\/p>\n<ul>\n<li>Demostrar que el acusado estaba actuando en defensa propia o defendiendo su propiedad<\/li>\n<li>Demostrar que el acusado no ten\u00eda la intenci\u00f3n de cometer un asalto<\/li>\n<li>Probar que no hubo da\u00f1o f\u00edsico real a otros<\/li>\n<li>Probar que el acusado es v\u00edctima de una identidad equivocada<\/li>\n<\/ul>\n<h2>Llame a un abogado de asalto y agresi\u00f3n de Phoenix hoy<\/h2>\n<p>Si usted o un ser querido enfrenta cargos de asalto o asalto agravado en Phoenix o las \u00e1reas circundantes, comun\u00edquese con nuestro equipo en las Oficinas Legales de Ciccarelli para obtener ayuda con su caso lo antes posible. Nuestros abogados tienen una amplia experiencia en el manejo de casos complejos de defensa criminal en Arizona y en todo Estados Unidos, y tenemos los recursos necesarios para llevar a cabo una investigaci\u00f3n completa de su situaci\u00f3n.<\/p>\n","protected":false},"excerpt":{"rendered":"<p>En Arizona, hay varias maneras en que una persona podr\u00eda enfrentar cargos de asalto. Muchas personas han o\u00eddo hablar de &#8220;asalto y agresi\u00f3n&#8221;, pero la realidad es que estos son dos tipos separados de cargos. En las Oficinas Legales de Ciccarelli, nuestro equipo est\u00e1 aqu\u00ed para ayudarlo si necesita un abogado de asalto y agresi\u00f3n en Phoenix a su lado.\u2026 <a href=\"https:\/\/ciccarelli.com\/arizona\/abogado-de-asalto-y-agresion-en-phoenix\/\">READ MORE<\/a><\/p>\n","protected":false},"author":7,"featured_media":0,"parent":0,"menu_order":0,"comment_status":"closed","ping_status":"closed","template":"","meta":{"_acf_changed":false,"footnotes":"","_content_optimizer_report_url":"","_content_optimizer_report_added":"","_content_optimizer_keyword_hide_used":false,"_content_optimizer_keyword_hide_above_average":false,"_content_optimizer_entities_hide_used":false,"_content_optimizer_entities_hide_above_average":false,"_content_optimizer_headings_hide_used":false,"_content_optimizer_questions_hide_used":false,"_content_optimizer_tab_active":"","_content_optimizer_report_url_ce":"","_content_optimizer_report_added_ce":"","_content_optimizer_keyword_hide_used_ce":false,"_content_optimizer_keyword_hide_above_average_ce":false,"_content_optimizer_entities_hide_used_ce":false,"_content_optimizer_entities_hide_above_average_ce":false,"_content_optimizer_headings_hide_used_ce":false,"_content_optimizer_questions_hide_used_ce":false,"_content_optimizer_tab_active_ce":""},"class_list":["post-47768","page","type-page","status-publish","hentry"],"acf":[],"yoast_head":"<!-- This site is optimized with the Yoast SEO plugin v27.4 - https:\/\/yoast.com\/product\/yoast-seo-wordpress\/ -->\n<title>Abogado de Asalto y Agresi\u00f3n en Phoenix<\/title>\n<meta name=\"robots\" content=\"index, follow, max-snippet:-1, max-image-preview:large, max-video-preview:-1\" \/>\n<link rel=\"canonical\" href=\"https:\/\/ciccarelli.com\/arizona\/abogado-de-asalto-y-agresion-en-phoenix\/\" \/>\n<meta property=\"og:locale\" content=\"en_US\" \/>\n<meta property=\"og:type\" content=\"article\" \/>\n<meta property=\"og:title\" content=\"Abogado de Asalto y Agresi\u00f3n en Phoenix\" \/>\n<meta property=\"og:description\" content=\"En Arizona, hay varias maneras en que una persona podr\u00eda enfrentar cargos de asalto. Muchas personas han o\u00eddo hablar de &#8220;asalto y agresi\u00f3n&#8221;, pero la realidad es que estos son dos tipos separados de cargos. En las Oficinas Legales de Ciccarelli, nuestro equipo est\u00e1 aqu\u00ed para ayudarlo si necesita un abogado de asalto y agresi\u00f3n en Phoenix a su lado.\u2026 READ MORE\" \/>\n<meta property=\"og:url\" content=\"https:\/\/ciccarelli.com\/arizona\/abogado-de-asalto-y-agresion-en-phoenix\/\" \/>\n<meta property=\"og:site_name\" content=\"Ciccarelli Law Offices - AZ\" \/>\n<meta property=\"article:modified_time\" content=\"2022-01-13T17:25:09+00:00\" \/>\n<meta property=\"og:image\" content=\"https:\/\/ciccarellilawoffices.kinsta.cloud\/arizona\/wp-content\/uploads\/2022\/01\/Ciccarelli-Flag-300x300.jpg\" \/>\n<meta name=\"twitter:card\" content=\"summary_large_image\" \/>\n<meta name=\"twitter:label1\" content=\"Est. reading time\" \/>\n\t<meta name=\"twitter:data1\" content=\"3 minutes\" \/>\n<script type=\"application\/ld+json\" class=\"yoast-schema-graph\">{\"@context\":\"https:\\\/\\\/schema.org\",\"@graph\":[{\"@type\":\"WebPage\",\"@id\":\"https:\\\/\\\/ciccarelli.com\\\/arizona\\\/abogado-de-asalto-y-agresion-en-phoenix\\\/\",\"url\":\"https:\\\/\\\/ciccarelli.com\\\/arizona\\\/abogado-de-asalto-y-agresion-en-phoenix\\\/\",\"name\":\"Abogado de Asalto y Agresi\u00f3n en Phoenix\",\"isPartOf\":{\"@id\":\"https:\\\/\\\/ciccarelli.com\\\/arizona\\\/#website\"},\"primaryImageOfPage\":{\"@id\":\"https:\\\/\\\/ciccarelli.com\\\/arizona\\\/abogado-de-asalto-y-agresion-en-phoenix\\\/#primaryimage\"},\"image\":{\"@id\":\"https:\\\/\\\/ciccarelli.com\\\/arizona\\\/abogado-de-asalto-y-agresion-en-phoenix\\\/#primaryimage\"},\"thumbnailUrl\":\"https:\\\/\\\/ciccarellilawoffices.kinsta.cloud\\\/arizona\\\/wp-content\\\/uploads\\\/2022\\\/01\\\/Ciccarelli-Flag-300x300.jpg\",\"datePublished\":\"2021-10-27T12:01:22+00:00\",\"dateModified\":\"2022-01-13T17:25:09+00:00\",\"breadcrumb\":{\"@id\":\"https:\\\/\\\/ciccarelli.com\\\/arizona\\\/abogado-de-asalto-y-agresion-en-phoenix\\\/#breadcrumb\"},\"inLanguage\":\"en-US\",\"potentialAction\":[{\"@type\":\"ReadAction\",\"target\":[\"https:\\\/\\\/ciccarelli.com\\\/arizona\\\/abogado-de-asalto-y-agresion-en-phoenix\\\/\"]}]},{\"@type\":\"ImageObject\",\"inLanguage\":\"en-US\",\"@id\":\"https:\\\/\\\/ciccarelli.com\\\/arizona\\\/abogado-de-asalto-y-agresion-en-phoenix\\\/#primaryimage\",\"url\":\"https:\\\/\\\/ciccarellilawoffices.kinsta.cloud\\\/arizona\\\/wp-content\\\/uploads\\\/2022\\\/01\\\/Ciccarelli-Flag-300x300.jpg\",\"contentUrl\":\"https:\\\/\\\/ciccarellilawoffices.kinsta.cloud\\\/arizona\\\/wp-content\\\/uploads\\\/2022\\\/01\\\/Ciccarelli-Flag-300x300.jpg\"},{\"@type\":\"BreadcrumbList\",\"@id\":\"https:\\\/\\\/ciccarelli.com\\\/arizona\\\/abogado-de-asalto-y-agresion-en-phoenix\\\/#breadcrumb\",\"itemListElement\":[{\"@type\":\"ListItem\",\"position\":1,\"name\":\"Home\",\"item\":\"https:\\\/\\\/ciccarelli.com\\\/arizona\\\/\"},{\"@type\":\"ListItem\",\"position\":2,\"name\":\"Abogado de Asalto y Agresi\u00f3n en Phoenix\"}]},{\"@type\":\"WebSite\",\"@id\":\"https:\\\/\\\/ciccarelli.com\\\/arizona\\\/#website\",\"url\":\"https:\\\/\\\/ciccarelli.com\\\/arizona\\\/\",\"name\":\"Ciccarelli Law Offices - AZ\",\"description\":\"Ciccarelli Law Offices - AZ\",\"potentialAction\":[{\"@type\":\"SearchAction\",\"target\":{\"@type\":\"EntryPoint\",\"urlTemplate\":\"https:\\\/\\\/ciccarelli.com\\\/arizona\\\/?s={search_term_string}\"},\"query-input\":{\"@type\":\"PropertyValueSpecification\",\"valueRequired\":true,\"valueName\":\"search_term_string\"}}],\"inLanguage\":\"en-US\"}]}<\/script>\n<!-- \/ Yoast SEO plugin. -->","yoast_head_json":{"title":"Abogado de Asalto y Agresi\u00f3n en Phoenix","robots":{"index":"index","follow":"follow","max-snippet":"max-snippet:-1","max-image-preview":"max-image-preview:large","max-video-preview":"max-video-preview:-1"},"canonical":"https:\/\/ciccarelli.com\/arizona\/abogado-de-asalto-y-agresion-en-phoenix\/","og_locale":"en_US","og_type":"article","og_title":"Abogado de Asalto y Agresi\u00f3n en Phoenix","og_description":"En Arizona, hay varias maneras en que una persona podr\u00eda enfrentar cargos de asalto. Muchas personas han o\u00eddo hablar de &#8220;asalto y agresi\u00f3n&#8221;, pero la realidad es que estos son dos tipos separados de cargos. En las Oficinas Legales de Ciccarelli, nuestro equipo est\u00e1 aqu\u00ed para ayudarlo si necesita un abogado de asalto y agresi\u00f3n en Phoenix a su lado.\u2026 READ MORE","og_url":"https:\/\/ciccarelli.com\/arizona\/abogado-de-asalto-y-agresion-en-phoenix\/","og_site_name":"Ciccarelli Law Offices - AZ","article_modified_time":"2022-01-13T17:25:09+00:00","og_image":[{"url":"https:\/\/ciccarellilawoffices.kinsta.cloud\/arizona\/wp-content\/uploads\/2022\/01\/Ciccarelli-Flag-300x300.jpg","type":"","width":"","height":""}],"twitter_card":"summary_large_image","twitter_misc":{"Est. reading time":"3 minutes"},"schema":{"@context":"https:\/\/schema.org","@graph":[{"@type":"WebPage","@id":"https:\/\/ciccarelli.com\/arizona\/abogado-de-asalto-y-agresion-en-phoenix\/","url":"https:\/\/ciccarelli.com\/arizona\/abogado-de-asalto-y-agresion-en-phoenix\/","name":"Abogado de Asalto y Agresi\u00f3n en Phoenix","isPartOf":{"@id":"https:\/\/ciccarelli.com\/arizona\/#website"},"primaryImageOfPage":{"@id":"https:\/\/ciccarelli.com\/arizona\/abogado-de-asalto-y-agresion-en-phoenix\/#primaryimage"},"image":{"@id":"https:\/\/ciccarelli.com\/arizona\/abogado-de-asalto-y-agresion-en-phoenix\/#primaryimage"},"thumbnailUrl":"https:\/\/ciccarellilawoffices.kinsta.cloud\/arizona\/wp-content\/uploads\/2022\/01\/Ciccarelli-Flag-300x300.jpg","datePublished":"2021-10-27T12:01:22+00:00","dateModified":"2022-01-13T17:25:09+00:00","breadcrumb":{"@id":"https:\/\/ciccarelli.com\/arizona\/abogado-de-asalto-y-agresion-en-phoenix\/#breadcrumb"},"inLanguage":"en-US","potentialAction":[{"@type":"ReadAction","target":["https:\/\/ciccarelli.com\/arizona\/abogado-de-asalto-y-agresion-en-phoenix\/"]}]},{"@type":"ImageObject","inLanguage":"en-US","@id":"https:\/\/ciccarelli.com\/arizona\/abogado-de-asalto-y-agresion-en-phoenix\/#primaryimage","url":"https:\/\/ciccarellilawoffices.kinsta.cloud\/arizona\/wp-content\/uploads\/2022\/01\/Ciccarelli-Flag-300x300.jpg","contentUrl":"https:\/\/ciccarellilawoffices.kinsta.cloud\/arizona\/wp-content\/uploads\/2022\/01\/Ciccarelli-Flag-300x300.jpg"},{"@type":"BreadcrumbList","@id":"https:\/\/ciccarelli.com\/arizona\/abogado-de-asalto-y-agresion-en-phoenix\/#breadcrumb","itemListElement":[{"@type":"ListItem","position":1,"name":"Home","item":"https:\/\/ciccarelli.com\/arizona\/"},{"@type":"ListItem","position":2,"name":"Abogado de Asalto y Agresi\u00f3n en Phoenix"}]},{"@type":"WebSite","@id":"https:\/\/ciccarelli.com\/arizona\/#website","url":"https:\/\/ciccarelli.com\/arizona\/","name":"Ciccarelli Law Offices - AZ","description":"Ciccarelli Law Offices - AZ","potentialAction":[{"@type":"SearchAction","target":{"@type":"EntryPoint","urlTemplate":"https:\/\/ciccarelli.com\/arizona\/?s={search_term_string}"},"query-input":{"@type":"PropertyValueSpecification","valueRequired":true,"valueName":"search_term_string"}}],"inLanguage":"en-US"}]}},"_links":{"self":[{"href":"https:\/\/ciccarelli.com\/arizona\/wp-json\/wp\/v2\/pages\/47768","targetHints":{"allow":["GET"]}}],"collection":[{"href":"https:\/\/ciccarelli.com\/arizona\/wp-json\/wp\/v2\/pages"}],"about":[{"href":"https:\/\/ciccarelli.com\/arizona\/wp-json\/wp\/v2\/types\/page"}],"author":[{"embeddable":true,"href":"https:\/\/ciccarelli.com\/arizona\/wp-json\/wp\/v2\/users\/7"}],"replies":[{"embeddable":true,"href":"https:\/\/ciccarelli.com\/arizona\/wp-json\/wp\/v2\/comments?post=47768"}],"version-history":[{"count":4,"href":"https:\/\/ciccarelli.com\/arizona\/wp-json\/wp\/v2\/pages\/47768\/revisions"}],"predecessor-version":[{"id":48345,"href":"https:\/\/ciccarelli.com\/arizona\/wp-json\/wp\/v2\/pages\/47768\/revisions\/48345"}],"wp:attachment":[{"href":"https:\/\/ciccarelli.com\/arizona\/wp-json\/wp\/v2\/media?parent=47768"}],"curies":[{"name":"wp","href":"https:\/\/api.w.org\/{rel}","templated":true}]}}